 remainder when 23 is divided by q(0)?
10
Calculate the remainder when 74 is divided by (7 - 4) + 4 + 19.
22
Let u = 24 + 33. What is the remainder when u is divided by 15?
12
Let k = -25 - -32. Calculate the remainder when 27 is divided by k.
6
Let v(c) = 2*c**3 - 2*c**2 + 3*c - 1. Let y be v(4). Suppose 4*g + 0*x + 3*x = 120, -y = -3*g + 2*x. Calculate the remainder when g is divided by 18.
15
Suppose -4*a + 60 = s - 2*a, 0 = -4*a + 20. What is the remainder when 149 is divided by s?
49
Let a(w) = 19*w - 9. Let y be a(4). Suppose y = 3*s + 16. Calculate the remainder when s is divided by 9.
8
Let n = 17 - 8. Suppose 5*x + n = 99. What is the remainder when x is divided by 10?
8
Let b = 174 + -124. Suppose b = l + 4*l. Calculate the remainder when 18 is divided by l.
8
Let y(p) = p**3 + 9*p**2 + 6*p - 10. Let q be y(-8). What is the remainder when 380/16 - q/8 is divided by 12?
11
Let z = 18 + -13. What is the remainder when z is divided by 2?
1
Let u(d) be the first derivative of d**3/3 - d**2 + 2*d + 4. What is the remainder when 65 is divided by u(5)?
14
Let m(z) = 50*z**2 - 3*z - 3. Calculate the remainder when m(-1) is divided by 17.
16
Let o = 106 + -24. Suppose 3*d + 29 + 6 = 2*j, -4*j = -2*d - o. Let u = 43 - j. What is the remainder when u is divided by 11?
10
Let v = 39 + -30. What is the remainder when 24 is divided by v?
6
Let k(w) = 4*w**2 - 4*w + 3. Suppose 2*s - 10 = -v, v + v = s - 5. Suppose v = x + 1 - 21. What is the remainder when x is divided by k(2)?
9
Suppose 2*v = -v + 12, -5*j + 54 = -4*v. Calculate the remainder when j is divided by 8.
6
Suppose 5*q = 5*t, 3 + 9 = 2*t + q. Let c be (-1)/(28/(-30) - -1). Let j = t - c. What is the remainder when 55 is divided by j?
17
Calculate the remainder when 7/(14/32) + 3 is divided by 7.
5
Let p(f) = f**2 + 3*f + 1. What is the remainder when 2 + 0 + 2 - 2 is divided by p(-3)?
0
Let q(g) = -g**3 - 15*g**2 - g + 2. What is the remainder when 32 is divided by q(-15)?
15
Suppose -b + w = -0*b - 108, 10 = 5*w. Suppose 440 = -5*p - 4*l + 155, 0 = 4*p - 2*l + 202. Let o = p + b. Calculate the remainder when o is divided by 15.
12
Let v = 33 - 0. What is the remainder when v is divided by 12?
9
Let b = -3 - -4. Let y be (-2 + (-4)/(-1))*1. Suppose -y*o + 2*v + 15 = b, -5 = -v. Calculate the remainder when 34 is divided by o.
10
Let z(i) = -3*i + 2. Let y(l) = -2*l**3 + 4*l + 4. Calculate the remainder when z(-11) is divided by y(-2).
11
Calculate the remainder when 12*((-35)/(-20) + 4) is divided by 18.
15
Let g be ((-7)/(-14))/((-2)/20). Let c(r) = -2*r - 5. Let x be c(g). Let a = x + 8. Calculate the remainder when 38 is divided by a.
12
Suppose 3*a - 6 = 0, -3*r = -0*a - a + 17. Let z(w) be the first derivative of -w**2/2 + 5*w + 1. What is the remainder when 29 is divided by z(r)?
9
Let f(j) = 13*j - 1. Let i(a) = -18*a - 62. What is the remainder when i(-6) is divided by f(1)?
10
Suppose 110 = z + z + 5*r, -2*r + 165 = 3*z. Suppose 4*h + 4 = 0, -26 + 1 = -2*k + 3*h. Suppose k + 27 = 2*i. Calculate the remainder when z is divided by i.
17
Suppose 5*r = 3*r + 5*w + 38, r = -w + 5. Calculate the remainder when r is divided by 3.
0
Let x = -7 + 12. Suppose 0 = 4*l + m - 48, -x*l - 26 = -3*m - 103. What is the remainder when 24 is divided by l?
11
Suppose -f + 0*f + 3 = 0. What is the remainder when 1*(f + 2) - 3 is divided by ((-4)/(-10))/((-3)/(-15))?
0
Let j be -2 - -2 - -2 - -12. Let g = j - -3. Calculate the remainder when 32 is divided by g.
15
Let n(q) = -q + 8. Let j be n(7). Suppose p = 4 - j. Calculate the remainder when 6 is divided by (4/p)/(1/3).
2
Let f be 2 - -24 - (4 + -2). Suppose 4*h + 2*r = 50 + f, -82 = -5*h + r. Calculate the remainder when h is divided by 6.
5
Let w = 0 - -2. Suppose w*n = -2*n + 468. Suppose -43 = -4*z + n. What is the remainder when z is divided by 21?
19
Let w be 2/(-4) + (-38)/4. Suppose q + 22 = 4*p + 2, -p + 3*q = -5. Calculate the remainder when (-4)/w + (-340)/(-25) is divided by p.
4
Suppose 4 = -2*h + 8. Suppose 0 = -2*q + 2, -h*o - q + 54 = 17. Calculate the remainder when 70 is divided by o.
16
Let t(j) = 2*j + 1. Let x be t(3). Let r = 16 + -4. Let o = x + r. What is the remainder when o is divided by 7?
5
Let x be (-1)/3 - (-12)/9. Calculate the remainder when (-4)/(-6)*3/x is divided by 2.
0
Suppose 0 = 2*j - 4*h - 44, 3*h = 3*j + h - 62. Suppose 0 = -4*i + j. Calculate the remainder when 0/(2 - -1) + 14 is divided by i.
4
Suppose 3*i - 6 - 6 = 0. Let t(k) = 2*k**2 - 2*k + 2. Let o be 2/(-4)*(-12)/3. Calculate the remainder when t(o) is divided by i.
2
Suppose 0 = -2*i - 8 + 130. Suppose 11 + 52 = 3*g. What is the remainder when i is divided by g?
19
Calculate the remainder when 1326/33 - (-2)/(-11) is divided by 7.
5
What is the remainder when (1 - -1)/2*67 is divided by 17?
16
Let r(g) = -g**2 + 5*g - 1. Suppose -2*x + 2 = -6. Let w be (-30)/(-7) - x/14. What is the remainder when 5 is divided by r(w)?
2
Suppose -w = 4*w - 145. What is the remainder when w is divided by (192/8)/(6/4)?
13
Suppose -5*w = -3*p + 31 + 12, -4*p - w + 65 = 0. Let a be -1*4 + (-1 - 1). Let c = 12 + a. What is the remainder when p is divided by c?
4
Suppose 4*n + 31 = 5*n. What is the remainder when 59 is divided by n?
28
Suppose 0 = -b + 2*b - 4. Suppose -b*l - 6 = -50. Suppose 20*r - 76 = r. Calculate the remainder when l is divided by r.
3
Suppose n - 4*r - 94 = 0, -2*r - 254 = 5*n - 768. Calculate the remainder when n is divided by 15.
12
Let v = 34 - 14. Let k(t) = 3*t - 10. Let o be k(7). Suppose 5*m = a - 1, -4*a + 47 = -4*m + o. What is the remainder when v is divided by a?
9
Let n = -15 - -15. Suppose c - 24 = -n*c. What is the remainder when 47 is divided by c?
23
Let p(j) be the third derivative of j**6/120 + j**5/30 - j**4/8 + j**3/3 - 3*j**2. Let v be p(-3). What is the remainder when v*3/(-15)*-40 is divided by 6?
4
Let i(c) = 3*c - 2. What is the remainder when i(9) is divided by 15?
10
Suppose -5*n - 2*n + 322 = 0. Calculate the remainder when n is divided by 16.
14
Let d be 2/(-6)*(2 + 1). Let r = -3 + d. Let o = r - -5. What is the remainder when 3 is divided by o?
0
Suppose -s - 3*s + 20 = 0. Calculate the remainder when 13 is divided by s.
3
Let b = -46 + 92. Calculate the remainder when b is divided by 12.
10
Suppose 15*i = 14*i + 18. What is the remainder when 47 is divided by i?
11
Let k be (2 + -3 + 1)/2. Suppose -l - 17 = -5*t, -t + k*t - 3 = 3*l. What is the remainder when (-6)/(-1) - 2 - -1 is divided by t?
2
Let s(o) = -2*o**2 - o + 1. Let x be s(2). Let v(g) = g**2 + 6*g - 10. Suppose -106 = -3*f - 7. What is the remainder when f is divided by v(x)?
16
Let y(z) be the third derivative of 7*z**4/24 - z**3 + z**2. Let l = -9 - -13. Calculate the remainder when y(l) is divided by 8.
6
Let f be (-12)/9*6/2. Let v be 2/((1 + 0)/8). What is the remainder when 25 is divided by 2*f/(v/(-26))?
12
Suppose -2*k + 6*k - 24 = 0. Let r be k/(-21) + (-298)/(-14). Suppose 3*v + 5*i = -0*i + 21, -3*v - i + r = 0. Calculate the remainder when 18 is divided by v.
4
Let j(i) be the second derivative of -i**3/6 + 2*i**2 - 2*i. Let n be j(5). What is the remainder when (-1 + -18)*n - 1 is divided by 10?
8
Suppose -35*r + 34*r = -79. Calculate the remainder when r is divided by 40.
39
Let q be -2 + (2 - 0) - -16. Suppose 0 = -2*s + 72 - q. What is the remainder when s is divided by 15?
13
Let a = 1 + -2. Let d = 29 + a. What is the remainder when 54 is divided by d?
26
Let b = -7 + 11. Suppose 0 = -b*u + 9 + 3. Suppose 0 = r - 0*r - u. What is the remainder when 8 is divided by r?
2
Let b be 2 - 1 - 0/(-6). Let d(o) = 18*o**2 - o + 1. Let u be d(b). What is the remainder when 16 is divided by u/(-10)*(-6 + 1)?
7
Calculate the remainder when (-1768)/(-91) + (-3)/7 is divided by 6.
1
Let v(r) = 3*r + 2*r**3 - 1 - 3*r**2 + 0*r + 3*r. What is the remainder when v(4) is divided by 26?
25
Calculate the remainder when 34 is divided by (-4 + 1)*-1*6.
16
Suppose 0 = -3*v + 7*v - 16. Suppose -3*l = -8*l + 30. Suppose -4*j = l - 34. Calculate the remainder when j is divided by v.
3
Suppose 3*l - 136 = -4*o - 19, -2*l = 5*o - 78. What is the remainder when l is divided by 8?
7
Let w(y) = -3*y - 8. Let a(q) be the third derivative of q**6/24 + q**4/8 - q**3